{"id":278,"date":"2019-06-22T11:45:36","date_gmt":"2019-06-22T11:45:36","guid":{"rendered":"https:\/\/www.magommels.se\/?page_id=278"},"modified":"2021-07-11T04:36:32","modified_gmt":"2021-07-11T04:36:32","slug":"chloe","status":"publish","type":"page","link":"https:\/\/www.magommels.se\/?page_id=278","title":{"rendered":"Chloe (Art Attack Just A Touch Of Love)"},"content":{"rendered":"\n<p>11\/7-21: Nu \u00e4r valparna 5 veckor och de har f\u00f6r f\u00f6rsta g\u00e5ngen sovit \u00f6ver sitt ena nattm\u00e5l! De har ut\u00f6ver k\u00f6ttf\u00e4rs och bl\u00f6tmat f\u00e5tt b\u00f6rja knapra i sig lite torrfoder. Jag har nya hem till alla \u00e5tta, de flesta flyttar inte s\u00e5 l\u00e5ngt!<\/p>\n\n\n\n<figure class=\"wp-block-video\"><video height=\"1080\" style=\"aspect-ratio: 1920 \/ 1080;\" width=\"1920\" controls src=\"https:\/\/www.magommels.se\/wp-content\/uploads\/2021\/07\/wp-1625946570299.mp4\"><\/video><figcaption>Valparna tr\u00e4nar p\u00e5 att g\u00e5 in sj\u00e4lva!<\/figcaption><\/figure>\n\n\n\n<p>27\/6-21. Nu \u00e4r valparna 3 veckor och de \u00e4r alltmer r\u00f6rliga! Tre valpar har lyckats kl\u00e4ttra ur valpl\u00e5dan redan och idag har vi klippt klorna p\u00e5 framtassarna, de b\u00f6rjade bli v\u00e4ldigt vassa! Alla valparna g\u00e5r upp bra i vikt och utvecklas som de ska. Valparna \u00e4r registrerade i SKK och har redan f\u00e5tt hem sina stamtavlor. Jag har f\u00e5tt in flera intresseanm\u00e4lningar, men fortfarande finns det valpar kvar!<\/p>\n\n\n\n<p>7\/6-21\u00c4ntligen valpar igen! S\u00f6ndagen den 6\/6 f\u00f6dde Chloe 8 fina valpar; tre tikar och 5 hanar. Alla \u00e4r svarta.<\/p>\n\n\n\n<figure class=\"wp-block-video\"><video height=\"1080\" style=\"aspect-ratio: 1920 \/ 1080;\" width=\"1920\" controls src=\"https:\/\/www.magommels.se\/wp-content\/uploads\/2021\/06\/wp-1624807115018.mp4\"><\/video><figcaption>21 dagar gamla!<\/figcaption><\/figure>\n\n\n\n<figure class=\"wp-block-video\"><video height=\"1080\" style=\"aspect-ratio: 1920 \/ 1080;\" width=\"1920\" controls src=\"https:\/\/www.magommels.se\/wp-content\/uploads\/2021\/07\/wp-1625137127401.mp4\"><\/video><figcaption>Valparna \u00e4r 25 dagar och har just flyttat till daghagen i k\u00f6ket.<\/figcaption><\/figure>\n\n\n\n<figure class=\"wp-block-video\"><video height=\"1080\" style=\"aspect-ratio: 1920 \/ 1080;\" width=\"1920\" controls src=\"https:\/\/www.magommels.se\/wp-content\/uploads\/2021\/06\/wp-1624807202687.mp4\"><\/video><figcaption>Det \u00e4r sv\u00e5rt att fotografera svarta valpar, de g\u00f6r sig b\u00e4ttre p\u00e5 film!<\/figcaption><\/figure>\n\n\n\n<div class=\"wp-block-jetpack-slideshow aligncenter\" data-effect=\"slide\"><div class=\"wp-block-jetpack-slideshow_container swiper-container\"><ul class=\"wp-block-jetpack-slideshow_swiper-wrapper swiper-wrapper\"><li class=\"wp-block-jetpack-slideshow_slide swiper-slide\"><figure><img data-recalc-dims=\"1\" loading=\"lazy\" decoding=\"async\" width=\"720\" height=\"960\" alt=\"\" class=\"wp-block-jetpack-slideshow_image wp-image-768\" data-id=\"768\" src=\"https:\/\/i0.wp.com\/www.magommels.se\/wp-content\/uploads\/2020\/10\/Chloe-10_10-20-1.jpg?resize=720%2C960&#038;ssl=1\" srcset=\"https:\/\/i0.wp.com\/www.magommels.se\/wp-content\/uploads\/2020\/10\/Chloe-10_10-20-1-scaled.jpg?resize=768%2C1024&amp;ssl=1 768w, https:\/\/i0.wp.com\/www.magommels.se\/wp-content\/uploads\/2020\/10\/Chloe-10_10-20-1-scaled.jpg?resize=225%2C300&amp;ssl=1 225w, https:\/\/i0.wp.com\/www.magommels.se\/wp-content\/uploads\/2020\/10\/Chloe-10_10-20-1-scaled.jpg?resize=1152%2C1536&amp;ssl=1 1152w, https:\/\/i0.wp.com\/www.magommels.se\/wp-content\/uploads\/2020\/10\/Chloe-10_10-20-1-scaled.jpg?resize=1536%2C2048&amp;ssl=1 1536w, https:\/\/i0.wp.com\/www.magommels.se\/wp-content\/uploads\/2020\/10\/Chloe-10_10-20-1-scaled.jpg?resize=685%2C913&amp;ssl=1 685w, https:\/\/i0.wp.com\/www.magommels.se\/wp-content\/uploads\/2020\/10\/Chloe-10_10-20-1-scaled.jpg?resize=2000%2C2667&amp;ssl=1 2000w, https:\/\/i0.wp.com\/www.magommels.se\/wp-content\/uploads\/2020\/10\/Chloe-10_10-20-1-scaled.jpg?w=1920&amp;ssl=1 1920w, https:\/\/i0.wp.com\/www.magommels.se\/wp-content\/uploads\/2020\/10\/Chloe-10_10-20-1-scaled.jpg?w=1440&amp;ssl=1 1440w\" sizes=\"(max-width: 720px) 100vw, 720px\" \/><figcaption class=\"wp-block-jetpack-slideshow_caption gallery-caption\">Chloe f\u00f6re dr\u00e4ktigheten<\/figcaption><\/figure><\/li><li class=\"wp-block-jetpack-slideshow_slide swiper-slide\"><figure><img data-recalc-dims=\"1\" loading=\"lazy\" decoding=\"async\" width=\"369\" height=\"435\" alt=\"\" class=\"wp-block-jetpack-slideshow_image wp-image-939\" data-id=\"939\" src=\"https:\/\/i0.wp.com\/www.magommels.se\/wp-content\/uploads\/2021\/04\/Ska%CC%88rmavbild-2021-04-05-kl.-19.13.06-1.png?resize=369%2C435&#038;ssl=1\" srcset=\"https:\/\/i0.wp.com\/www.magommels.se\/wp-content\/uploads\/2021\/04\/Ska%CC%88rmavbild-2021-04-05-kl.-19.13.06-1.png?w=369&amp;ssl=1 369w, https:\/\/i0.wp.com\/www.magommels.se\/wp-content\/uploads\/2021\/04\/Ska%CC%88rmavbild-2021-04-05-kl.-19.13.06-1.png?resize=254%2C300&amp;ssl=1 254w\" sizes=\"(max-width: 369px) 100vw, 369px\" \/><figcaption class=\"wp-block-jetpack-slideshow_caption gallery-caption\">Chloe (Art Attack Just A Touch Of Love)<\/figcaption><\/figure><\/li><li class=\"wp-block-jetpack-slideshow_slide swiper-slide\"><figure><img data-recalc-dims=\"1\" loading=\"lazy\" decoding=\"async\" width=\"577\" height=\"650\" alt=\"\" class=\"wp-block-jetpack-slideshow_image wp-image-940\" data-id=\"940\" src=\"https:\/\/i0.wp.com\/www.magommels.se\/wp-content\/uploads\/2019\/06\/received_303282997551662-e1619347911987.jpg?resize=577%2C650&#038;ssl=1\" srcset=\"https:\/\/i0.wp.com\/www.magommels.se\/wp-content\/uploads\/2019\/06\/received_303282997551662-e1619347911987.jpg?w=577&amp;ssl=1 577w, https:\/\/i0.wp.com\/www.magommels.se\/wp-content\/uploads\/2019\/06\/received_303282997551662-e1619347911987.jpg?resize=266%2C300&amp;ssl=1 266w\" sizes=\"(max-width: 577px) 100vw, 577px\" \/><figcaption class=\"wp-block-jetpack-slideshow_caption gallery-caption\">Darin (Chrikjell`s Orup)<\/figcaption><\/figure><\/li><li class=\"wp-block-jetpack-slideshow_slide swiper-slide\"><figure><img data-recalc-dims=\"1\" loading=\"lazy\" decoding=\"async\" width=\"720\" height=\"660\" alt=\"\" class=\"wp-block-jetpack-slideshow_image wp-image-1288\" data-id=\"1288\" src=\"https:\/\/i0.wp.com\/www.magommels.se\/wp-content\/uploads\/2021\/05\/IMG_20210522_154617-scaled-e1622383924905-1024x939.jpg?resize=720%2C660&#038;ssl=1\" srcset=\"https:\/\/i0.wp.com\/www.magommels.se\/wp-content\/uploads\/2021\/05\/IMG_20210522_154617-scaled-e1622383924905.jpg?resize=1024%2C939&amp;ssl=1 1024w, https:\/\/i0.wp.com\/www.magommels.se\/wp-content\/uploads\/2021\/05\/IMG_20210522_154617-scaled-e1622383924905.jpg?resize=300%2C275&amp;ssl=1 300w, https:\/\/i0.wp.com\/www.magommels.se\/wp-content\/uploads\/2021\/05\/IMG_20210522_154617-scaled-e1622383924905.jpg?resize=768%2C704&amp;ssl=1 768w, https:\/\/i0.wp.com\/www.magommels.se\/wp-content\/uploads\/2021\/05\/IMG_20210522_154617-scaled-e1622383924905.jpg?w=1235&amp;ssl=1 1235w\" sizes=\"(max-width: 720px) 100vw, 720px\" \/><figcaption class=\"wp-block-jetpack-slideshow_caption gallery-caption\">Chloe tr\u00e4ffar kompisarna!<\/figcaption><\/figure><\/li><li class=\"wp-block-jetpack-slideshow_slide swiper-slide\"><figure><img data-recalc-dims=\"1\" loading=\"lazy\" decoding=\"async\" width=\"720\" height=\"540\" alt=\"\" class=\"wp-block-jetpack-slideshow_image wp-image-1287\" data-id=\"1287\" src=\"https:\/\/i0.wp.com\/www.magommels.se\/wp-content\/uploads\/2021\/05\/IMG_20210522_154926.jpg?resize=720%2C540&#038;ssl=1\"\/><figcaption class=\"wp-block-jetpack-slideshow_caption gallery-caption\">Dr\u00e4ktig Chloe \u00e4r hemma! Tv\u00e5 veckor kvar till valpning.<\/figcaption><\/figure><\/li><li class=\"wp-block-jetpack-slideshow_slide swiper-slide\"><figure><img data-recalc-dims=\"1\" loading=\"lazy\" decoding=\"async\" width=\"720\" height=\"540\" alt=\"\" class=\"wp-block-jetpack-slideshow_image wp-image-1389\" data-id=\"1389\" src=\"https:\/\/i0.wp.com\/www.magommels.se\/wp-content\/uploads\/2021\/06\/IMG_20210613_113734.jpg?resize=720%2C540&#038;ssl=1\" srcset=\"https:\/\/i0.wp.com\/www.magommels.se\/wp-content\/uploads\/2021\/06\/IMG_20210613_113734-scaled.jpg?resize=1024%2C768&amp;ssl=1 1024w, https:\/\/i0.wp.com\/www.magommels.se\/wp-content\/uploads\/2021\/06\/IMG_20210613_113734-scaled.jpg?resize=300%2C225&amp;ssl=1 300w, https:\/\/i0.wp.com\/www.magommels.se\/wp-content\/uploads\/2021\/06\/IMG_20210613_113734-scaled.jpg?resize=768%2C576&amp;ssl=1 768w, https:\/\/i0.wp.com\/www.magommels.se\/wp-content\/uploads\/2021\/06\/IMG_20210613_113734-scaled.jpg?resize=1536%2C1152&amp;ssl=1 1536w, https:\/\/i0.wp.com\/www.magommels.se\/wp-content\/uploads\/2021\/06\/IMG_20210613_113734-scaled.jpg?resize=2048%2C1536&amp;ssl=1 2048w, https:\/\/i0.wp.com\/www.magommels.se\/wp-content\/uploads\/2021\/06\/IMG_20210613_113734-scaled.jpg?w=1440&amp;ssl=1 1440w, https:\/\/i0.wp.com\/www.magommels.se\/wp-content\/uploads\/2021\/06\/IMG_20210613_113734-scaled.jpg?w=2160&amp;ssl=1 2160w\" sizes=\"(max-width: 720px) 100vw, 720px\" \/><figcaption class=\"wp-block-jetpack-slideshow_caption gallery-caption\">Alla \u00e5tta valparna!<\/figcaption><\/figure><\/li><li class=\"wp-block-jetpack-slideshow_slide swiper-slide\"><figure><img data-recalc-dims=\"1\" loading=\"lazy\" decoding=\"async\" width=\"720\" height=\"960\" alt=\"\" class=\"wp-block-jetpack-slideshow_image wp-image-1382\" data-id=\"1382\" src=\"https:\/\/i0.wp.com\/www.magommels.se\/wp-content\/uploads\/2021\/06\/IMG_20210614_212827.jpg?resize=720%2C960&#038;ssl=1\" srcset=\"https:\/\/i0.wp.com\/www.magommels.se\/wp-content\/uploads\/2021\/06\/IMG_20210614_212827-scaled.jpg?resize=768%2C1024&amp;ssl=1 768w, https:\/\/i0.wp.com\/www.magommels.se\/wp-content\/uploads\/2021\/06\/IMG_20210614_212827-scaled.jpg?resize=225%2C300&amp;ssl=1 225w, https:\/\/i0.wp.com\/www.magommels.se\/wp-content\/uploads\/2021\/06\/IMG_20210614_212827-scaled.jpg?resize=1152%2C1536&amp;ssl=1 1152w, https:\/\/i0.wp.com\/www.magommels.se\/wp-content\/uploads\/2021\/06\/IMG_20210614_212827-scaled.jpg?resize=1536%2C2048&amp;ssl=1 1536w, https:\/\/i0.wp.com\/www.magommels.se\/wp-content\/uploads\/2021\/06\/IMG_20210614_212827-scaled.jpg?w=1920&amp;ssl=1 1920w, https:\/\/i0.wp.com\/www.magommels.se\/wp-content\/uploads\/2021\/06\/IMG_20210614_212827-scaled.jpg?w=1440&amp;ssl=1 1440w\" sizes=\"(max-width: 720px) 100vw, 720px\" \/><figcaption class=\"wp-block-jetpack-slideshow_caption gallery-caption\">Valparna drygt en vecka. Gul, som var minst, har kommit upp i sin dubbla f\u00f6delsevikt och det har ocks\u00e5 Bl\u00e5 gjort!<\/figcaption><\/figure><\/li><\/ul><a class=\"wp-block-jetpack-slideshow_button-prev swiper-button-prev swiper-button-white\" role=\"button\"><\/a><a class=\"wp-block-jetpack-slideshow_button-next swiper-button-next swiper-button-white\" role=\"button\"><\/a><a aria-label=\"Pause Slideshow\" class=\"wp-block-jetpack-slideshow_button-pause\" role=\"button\"><\/a><div class=\"wp-block-jetpack-slideshow_pagination swiper-pagination swiper-pagination-white\"><\/div><\/div><\/div>\n\n\n\n<figure class=\"wp-block-video\"><video height=\"1080\" style=\"aspect-ratio: 1920 \/ 1080;\" width=\"1920\" controls src=\"https:\/\/www.magommels.se\/wp-content\/uploads\/2021\/06\/wp-1623681695163.mp4\"><\/video><figcaption>Valparna har flera olika ljud, de kan b\u00e5de vissla\/gnissla, pipa, och gl\u00e4fsa.<\/figcaption><\/figure>\n\n\n\n<figure class=\"wp-block-image size-large\"><img data-recalc-dims=\"1\" loading=\"lazy\" decoding=\"async\" width=\"369\" height=\"435\" src=\"https:\/\/i0.wp.com\/www.magommels.se\/wp-content\/uploads\/2021\/04\/Ska%CC%88rmavbild-2021-04-05-kl.-19.13.06-1.png?resize=369%2C435&#038;ssl=1\" alt=\"\" class=\"wp-image-939\" srcset=\"https:\/\/i0.wp.com\/www.magommels.se\/wp-content\/uploads\/2021\/04\/Ska%CC%88rmavbild-2021-04-05-kl.-19.13.06-1.png?w=369&amp;ssl=1 369w, https:\/\/i0.wp.com\/www.magommels.se\/wp-content\/uploads\/2021\/04\/Ska%CC%88rmavbild-2021-04-05-kl.-19.13.06-1.png?resize=254%2C300&amp;ssl=1 254w\" sizes=\"auto, (max-width: 369px) 100vw, 369px\" \/><figcaption>Chloe har \u00e4ntligen tr\u00e4ffat Darin (Chrikjell\u00b4s Orup), f\u00f6rhoppningsvis blir det valpar i b\u00f6rjan av juni-21.<\/figcaption><\/figure>\n\n\n\n<figure class=\"wp-block-image size-large\"><img data-recalc-dims=\"1\" decoding=\"async\" src=\"https:\/\/i0.wp.com\/www.magommels.se\/wp-content\/uploads\/2019\/06\/received_303282997551662.jpg?w=720&#038;ssl=1\" alt=\"\" class=\"wp-image-940\"\/><\/figure>\n\n\n\n<figure class=\"wp-block-image\"><img data-recalc-dims=\"1\" loading=\"lazy\" decoding=\"async\" width=\"720\" height=\"707\" src=\"https:\/\/i0.wp.com\/www.magommels.se\/wp-content\/uploads\/2019\/05\/A78A7127-0E10-41BA-BB96-46D7C1C01F16-e1561221497644-1024x1006.jpeg?resize=720%2C707&#038;ssl=1\" alt=\"\" class=\"wp-image-51\" srcset=\"https:\/\/i0.wp.com\/www.magommels.se\/wp-content\/uploads\/2019\/05\/A78A7127-0E10-41BA-BB96-46D7C1C01F16-e1561221497644.jpeg?resize=1024%2C1006&amp;ssl=1 1024w, https:\/\/i0.wp.com\/www.magommels.se\/wp-content\/uploads\/2019\/05\/A78A7127-0E10-41BA-BB96-46D7C1C01F16-e1561221497644.jpeg?resize=300%2C295&amp;ssl=1 300w, https:\/\/i0.wp.com\/www.magommels.se\/wp-content\/uploads\/2019\/05\/A78A7127-0E10-41BA-BB96-46D7C1C01F16-e1561221497644.jpeg?resize=768%2C754&amp;ssl=1 768w, https:\/\/i0.wp.com\/www.magommels.se\/wp-content\/uploads\/2019\/05\/A78A7127-0E10-41BA-BB96-46D7C1C01F16-e1561221497644.jpeg?resize=685%2C673&amp;ssl=1 685w, https:\/\/i0.wp.com\/www.magommels.se\/wp-content\/uploads\/2019\/05\/A78A7127-0E10-41BA-BB96-46D7C1C01F16-e1561221497644.jpeg?resize=2000%2C1964&amp;ssl=1 2000w, https:\/\/i0.wp.com\/www.magommels.se\/wp-content\/uploads\/2019\/05\/A78A7127-0E10-41BA-BB96-46D7C1C01F16-e1561221497644.jpeg?w=1440&amp;ssl=1 1440w, https:\/\/i0.wp.com\/www.magommels.se\/wp-content\/uploads\/2019\/05\/A78A7127-0E10-41BA-BB96-46D7C1C01F16-e1561221497644.jpeg?w=2160&amp;ssl=1 2160w\" sizes=\"auto, (max-width: 720px) 100vw, 720px\" \/><figcaption>Chloe<\/figcaption><\/figure>\n\n\n\n<figure class=\"wp-block-image\"><img data-recalc-dims=\"1\" loading=\"lazy\" decoding=\"async\" width=\"720\" height=\"540\" src=\"https:\/\/i0.wp.com\/www.magommels.se\/wp-content\/uploads\/2019\/05\/6AB886EC-641C-490C-A70F-4243790B2A70.jpeg?resize=720%2C540&#038;ssl=1\" alt=\"\" class=\"wp-image-53\" srcset=\"https:\/\/i0.wp.com\/www.magommels.se\/wp-content\/uploads\/2019\/05\/6AB886EC-641C-490C-A70F-4243790B2A70.jpeg?resize=1024%2C768&amp;ssl=1 1024w, https:\/\/i0.wp.com\/www.magommels.se\/wp-content\/uploads\/2019\/05\/6AB886EC-641C-490C-A70F-4243790B2A70.jpeg?resize=300%2C225&amp;ssl=1 300w, https:\/\/i0.wp.com\/www.magommels.se\/wp-content\/uploads\/2019\/05\/6AB886EC-641C-490C-A70F-4243790B2A70.jpeg?resize=768%2C576&amp;ssl=1 768w, https:\/\/i0.wp.com\/www.magommels.se\/wp-content\/uploads\/2019\/05\/6AB886EC-641C-490C-A70F-4243790B2A70.jpeg?w=1440&amp;ssl=1 1440w, https:\/\/i0.wp.com\/www.magommels.se\/wp-content\/uploads\/2019\/05\/6AB886EC-641C-490C-A70F-4243790B2A70.jpeg?w=2160&amp;ssl=1 2160w\" sizes=\"auto, (max-width: 720px) 100vw, 720px\" \/><figcaption>Chloe (Art Attack a Touch of Love)<\/figcaption><\/figure>\n\n\n\n<figure class=\"wp-block-image\"><img data-recalc-dims=\"1\" loading=\"lazy\" decoding=\"async\" width=\"577\" height=\"1024\" src=\"https:\/\/i0.wp.com\/www.magommels.se\/wp-content\/uploads\/2019\/06\/img_8793.png?resize=577%2C1024&#038;ssl=1\" alt=\"\" class=\"wp-image-400\" srcset=\"https:\/\/i0.wp.com\/www.magommels.se\/wp-content\/uploads\/2019\/06\/img_8793.png?resize=577%2C1024&amp;ssl=1 577w, https:\/\/i0.wp.com\/www.magommels.se\/wp-content\/uploads\/2019\/06\/img_8793.png?resize=169%2C300&amp;ssl=1 169w, https:\/\/i0.wp.com\/www.magommels.se\/wp-content\/uploads\/2019\/06\/img_8793.png?w=640&amp;ssl=1 640w\" sizes=\"auto, (max-width: 577px) 100vw, 577px\" \/><figcaption>Chloe och katten Saffran<\/figcaption><\/figure>\n\n\n\n<figure class=\"wp-block-image\"><img data-recalc-dims=\"1\" loading=\"lazy\" decoding=\"async\" width=\"577\" height=\"1024\" src=\"https:\/\/i0.wp.com\/www.magommels.se\/wp-content\/uploads\/2019\/06\/img_9782.png?resize=577%2C1024&#038;ssl=1\" alt=\"\" class=\"wp-image-440\" srcset=\"https:\/\/i0.wp.com\/www.magommels.se\/wp-content\/uploads\/2019\/06\/img_9782.png?resize=577%2C1024&amp;ssl=1 577w, https:\/\/i0.wp.com\/www.magommels.se\/wp-content\/uploads\/2019\/06\/img_9782.png?resize=169%2C300&amp;ssl=1 169w, https:\/\/i0.wp.com\/www.magommels.se\/wp-content\/uploads\/2019\/06\/img_9782.png?w=640&amp;ssl=1 640w\" sizes=\"auto, (max-width: 577px) 100vw, 577px\" \/><figcaption>Chloe vaktar Daisys valpar (2019)<\/figcaption><\/figure>\n\n\n\n<figure class=\"wp-block-image\"><img data-recalc-dims=\"1\" loading=\"lazy\" decoding=\"async\" width=\"577\" height=\"1024\" src=\"https:\/\/i0.wp.com\/www.magommels.se\/wp-content\/uploads\/2019\/06\/img_9789.png?resize=577%2C1024&#038;ssl=1\" alt=\"\" class=\"wp-image-435\" srcset=\"https:\/\/i0.wp.com\/www.magommels.se\/wp-content\/uploads\/2019\/06\/img_9789.png?resize=577%2C1024&amp;ssl=1 577w, https:\/\/i0.wp.com\/www.magommels.se\/wp-content\/uploads\/2019\/06\/img_9789.png?resize=169%2C300&amp;ssl=1 169w, https:\/\/i0.wp.com\/www.magommels.se\/wp-content\/uploads\/2019\/06\/img_9789.png?w=640&amp;ssl=1 640w\" sizes=\"auto, (max-width: 577px) 100vw, 577px\" \/><figcaption>Chloe ca 1 \u00e5r (2019)<\/figcaption><\/figure>\n\n\n\n<figure class=\"wp-block-image\"><img data-recalc-dims=\"1\" loading=\"lazy\" decoding=\"async\" width=\"577\" height=\"1024\" src=\"https:\/\/i0.wp.com\/www.magommels.se\/wp-content\/uploads\/2019\/06\/img_9806.png?resize=577%2C1024&#038;ssl=1\" alt=\"\" class=\"wp-image-471\" srcset=\"https:\/\/i0.wp.com\/www.magommels.se\/wp-content\/uploads\/2019\/06\/img_9806.png?resize=577%2C1024&amp;ssl=1 577w, https:\/\/i0.wp.com\/www.magommels.se\/wp-content\/uploads\/2019\/06\/img_9806.png?resize=169%2C300&amp;ssl=1 169w, https:\/\/i0.wp.com\/www.magommels.se\/wp-content\/uploads\/2019\/06\/img_9806.png?w=640&amp;ssl=1 640w\" sizes=\"auto, (max-width: 577px) 100vw, 577px\" \/><\/figure>\n\n\n\n<figure class=\"wp-block-image\"><img data-recalc-dims=\"1\" loading=\"lazy\" decoding=\"async\" width=\"720\" height=\"406\" src=\"https:\/\/i0.wp.com\/www.magommels.se\/wp-content\/uploads\/2019\/06\/img_9808.png?resize=720%2C406&#038;ssl=1\" alt=\"\" class=\"wp-image-472\" srcset=\"https:\/\/i0.wp.com\/www.magommels.se\/wp-content\/uploads\/2019\/06\/img_9808.png?resize=1024%2C577&amp;ssl=1 1024w, https:\/\/i0.wp.com\/www.magommels.se\/wp-content\/uploads\/2019\/06\/img_9808.png?resize=300%2C169&amp;ssl=1 300w, https:\/\/i0.wp.com\/www.magommels.se\/wp-content\/uploads\/2019\/06\/img_9808.png?resize=768%2C433&amp;ssl=1 768w, https:\/\/i0.wp.com\/www.magommels.se\/wp-content\/uploads\/2019\/06\/img_9808.png?resize=685%2C386&amp;ssl=1 685w, https:\/\/i0.wp.com\/www.magommels.se\/wp-content\/uploads\/2019\/06\/img_9808.png?w=1136&amp;ssl=1 1136w\" sizes=\"auto, (max-width: 720px) 100vw, 720px\" \/><figcaption>&#8221;Storasyster Chloe&#8221; med Daisys valpar 2019<\/figcaption><\/figure>\n\n\n\n<figure class=\"wp-block-image\"><img data-recalc-dims=\"1\" loading=\"lazy\" decoding=\"async\" width=\"720\" height=\"406\" src=\"https:\/\/i0.wp.com\/www.magommels.se\/wp-content\/uploads\/2019\/06\/img_9809.png?resize=720%2C406&#038;ssl=1\" alt=\"\" class=\"wp-image-467\" srcset=\"https:\/\/i0.wp.com\/www.magommels.se\/wp-content\/uploads\/2019\/06\/img_9809.png?resize=1024%2C577&amp;ssl=1 1024w, https:\/\/i0.wp.com\/www.magommels.se\/wp-content\/uploads\/2019\/06\/img_9809.png?resize=300%2C169&amp;ssl=1 300w, https:\/\/i0.wp.com\/www.magommels.se\/wp-content\/uploads\/2019\/06\/img_9809.png?resize=768%2C433&amp;ssl=1 768w, https:\/\/i0.wp.com\/www.magommels.se\/wp-content\/uploads\/2019\/06\/img_9809.png?resize=685%2C386&amp;ssl=1 685w, https:\/\/i0.wp.com\/www.magommels.se\/wp-content\/uploads\/2019\/06\/img_9809.png?w=1136&amp;ssl=1 1136w\" sizes=\"auto, (max-width: 720px) 100vw, 720px\" \/><\/figure>\n\n\n\n<figure class=\"wp-block-image\"><img data-recalc-dims=\"1\" decoding=\"async\" src=\"https:\/\/i0.wp.com\/www.magommels.se\/wp-content\/uploads\/2019\/06\/img_9810.png?w=720&#038;ssl=1\" alt=\"\" class=\"wp-image-466\"\/><\/figure>\n\n\n\n<figure class=\"wp-block-image\"><img loading=\"lazy\" decoding=\"async\" width=\"768\" height=\"1024\" src=\"https:\/\/i1.wp.com\/www.magommels.se\/wp-content\/uploads\/2020\/09\/Chloe-nyklippt.jpg?fit=685%2C913&amp;ssl=1\" alt=\"\" class=\"wp-image-687\" srcset=\"https:\/\/i0.wp.com\/www.magommels.se\/wp-content\/uploads\/2020\/09\/Chloe-nyklippt.jpg?w=768&amp;ssl=1 768w, https:\/\/i0.wp.com\/www.magommels.se\/wp-content\/uploads\/2020\/09\/Chloe-nyklippt.jpg?resize=225%2C300&amp;ssl=1 225w, https:\/\/i0.wp.com\/www.magommels.se\/wp-content\/uploads\/2020\/09\/Chloe-nyklippt.jpg?resize=685%2C913&amp;ssl=1 685w\" sizes=\"auto, (max-width: 720px) 100vw, 720px\" \/><figcaption>Chloe nybadad, nyfluffad och grovklippt med h\u00f6stfrisyr efter att ha varit kortsnaggad under sommaren (7\/9-20)<\/figcaption><\/figure>\n\n\n\n<figure class=\"wp-block-image size-large is-style-default\"><img data-recalc-dims=\"1\" loading=\"lazy\" decoding=\"async\" width=\"720\" height=\"479\" src=\"https:\/\/i0.wp.com\/www.magommels.se\/wp-content\/uploads\/2021\/05\/Ska%CC%88rmavbild-2021-05-17-kl.-21.28.55.png?resize=720%2C479&#038;ssl=1\" alt=\"\" class=\"wp-image-1254\" srcset=\"https:\/\/i0.wp.com\/www.magommels.se\/wp-content\/uploads\/2021\/05\/Ska%CC%88rmavbild-2021-05-17-kl.-21.28.55.png?resize=1024%2C681&amp;ssl=1 1024w, https:\/\/i0.wp.com\/www.magommels.se\/wp-content\/uploads\/2021\/05\/Ska%CC%88rmavbild-2021-05-17-kl.-21.28.55.png?resize=300%2C199&amp;ssl=1 300w, https:\/\/i0.wp.com\/www.magommels.se\/wp-content\/uploads\/2021\/05\/Ska%CC%88rmavbild-2021-05-17-kl.-21.28.55.png?resize=768%2C511&amp;ssl=1 768w, https:\/\/i0.wp.com\/www.magommels.se\/wp-content\/uploads\/2021\/05\/Ska%CC%88rmavbild-2021-05-17-kl.-21.28.55.png?w=1101&amp;ssl=1 1101w\" sizes=\"auto, (max-width: 720px) 100vw, 720px\" \/><figcaption>Provparning Chloe och Darin. L\u00e4nk https:\/\/hundar.skk.se\/Avelsdata\/Flikar.aspx?sida=Provparning_stamtavla&amp;id=3049088&amp;param=3049088%7c3156473%7cSNABBVAL%7c3156473%7c<\/figcaption><\/figure>\n\n\n\n<p><\/p>\n\n\n\n<div class=\"wp-block-buttons is-layout-flex wp-block-buttons-is-layout-flex\"><\/div>\n\n\n\n<p><\/p>\n","protected":false},"excerpt":{"rendered":"<p>11\/7-21: Nu \u00e4r valparna 5 veckor och de har f\u00f6r f\u00f6rsta g\u00e5ngen sovit \u00f6ver sitt ena nattm\u00e5l! De har ut\u00f6ver k\u00f6ttf\u00e4rs och bl\u00f6tmat f\u00e5tt b\u00f6rja knapra i sig lite torrfoder. Jag har nya hem till alla \u00e5tta, de flesta flyttar inte s\u00e5 l\u00e5ngt! 27\/6-21. Nu \u00e4r valparna 3 veckor och de \u00e4r alltmer r\u00f6rliga! Tre [&hellip;]<\/p>\n","protected":false},"author":2,"featured_media":59,"parent":262,"menu_order":0,"comment_status":"closed","ping_status":"closed","template":"","meta":{"footnotes":""},"class_list":["post-278","page","type-page","status-publish","has-post-thumbnail","hentry"],"jetpack_sharing_enabled":true,"_links":{"self":[{"href":"https:\/\/www.magommels.se\/index.php?rest_route=\/wp\/v2\/pages\/278","targetHints":{"allow":["GET"]}}],"collection":[{"href":"https:\/\/www.magommels.se\/index.php?rest_route=\/wp\/v2\/pages"}],"about":[{"href":"https:\/\/www.magommels.se\/index.php?rest_route=\/wp\/v2\/types\/page"}],"author":[{"embeddable":true,"href":"https:\/\/www.magommels.se\/index.php?rest_route=\/wp\/v2\/users\/2"}],"replies":[{"embeddable":true,"href":"https:\/\/www.magommels.se\/index.php?rest_route=%2Fwp%2Fv2%2Fcomments&post=278"}],"version-history":[{"count":24,"href":"https:\/\/www.magommels.se\/index.php?rest_route=\/wp\/v2\/pages\/278\/revisions"}],"predecessor-version":[{"id":1492,"href":"https:\/\/www.magommels.se\/index.php?rest_route=\/wp\/v2\/pages\/278\/revisions\/1492"}],"up":[{"embeddable":true,"href":"https:\/\/www.magommels.se\/index.php?rest_route=\/wp\/v2\/pages\/262"}],"wp:featuredmedia":[{"embeddable":true,"href":"https:\/\/www.magommels.se\/index.php?rest_route=\/wp\/v2\/media\/59"}],"wp:attachment":[{"href":"https:\/\/www.magommels.se\/index.php?rest_route=%2Fwp%2Fv2%2Fmedia&parent=278"}],"curies":[{"name":"wp","href":"https:\/\/api.w.org\/{rel}","templated":true}]}}